j = 2 + -6. Let o be 1/(-2) + (-142)/j. Let p = -682 - -689. What is the highest common divisor of o and p?
7
Let s(d) = 18*d + 103. Let h be s(-5). What is the greatest common factor of 741 and h?
13
Let u = 23 + 151. Calculate the greatest common divisor of u and 232.
58
Let p = 1848 + -1704. Let t(v) = 2*v**3 - 5*v**2 + v + 4. Let o be t(3). What is the greatest common factor of o and p?
16
Let t(f) = -2*f**3 - f**2 - 5*f - 3. Let m be t(-4). Suppose n + 3*z = 37, 2*z = 3*n - 83 - 50. What is the greatest common factor of n and m?
43
Suppose 5*k + 81 = 6*z, -2*z + 5*k - 79 = -6*z. Calculate the greatest common divisor of 632 and z.
8
Suppose 6*u - 15*u + 423 = 0. What is the highest common divisor of 188 and u?
47
Let h = 7 - -5. Suppose -71 = -3*k - 4*f + 112, 4*k - 2*f = 222. Let y = k - 45. What is the greatest common divisor of y and h?
12
Let n = -165 + 167. Let x be 3 + (-261)/(-6) + n/(-4). What is the highest common divisor of 230 and x?
46
Let s(h) = 26*h - 446. Let m be s(18). Let i be 400/18 + (-4)/18. What is the greatest common factor of i and m?
22
Suppose -5*n = 5*d - 9 - 21, -4*d + 3*n = -3. Suppose d*z + 188 = -10. Let a = -46 - z. What is the highest common factor of a and 20?
20
Suppose 6*a + 882 - 3426 = 0. Calculate the greatest common factor of a and 53.
53
Let d = 31 - 34. Let u be (-1)/d + 1184/48. What is the greatest common divisor of u and 175?
25
Let a(p) = p**3 - 43*p**2 + 6*p - 88. Let l be a(43). Let s be 274/8 + 2/(-8). Calculate the highest common divisor of l and s.
34
Let a(b) = -b**3 - 3*b**2 + b - 2. Let t be a(-4). Suppose h - 42 + 32 = 0. What is the greatest common factor of t and h?
10
Let v be (0 + 888/5)*570/171. Calculate the highest common divisor of v and 16.
16
Suppose -7*t - 44 = -79. Calculate the highest common factor of 10 and t.
5
Let y = 1910 + -1905. Let o be (0 - -2)*(-6)/(-4). Calculate the greatest common factor of o and y.
1
Let z(f) = f**3 - 6*f**2 + 6*f. Let y be z(5). Let c = -12 + 7. Let g = c + 6. Calculate the greatest common divisor of g and y.
1
Let q(c) = -4 + 2*c + 7 - 5*c. Let v be q(3). Let p be -3*1/2*v. What is the highest common divisor of 6 and p?
3
Suppose -40*r + 35*r = -715. Suppose m - 5*m = -16. Let a be 78/m*(-8)/(-12). What is the highest common factor of a and r?
13
Suppose 0 = 2*x + 3*m - 2, 2*m = 4*x - 35 - 17. Let z = -207 + 317. Calculate the greatest common factor of x and z.
10
Suppose -4*j - 56 + 152 = 0. Let u = -2 - 1. Let z be (-11)/u - (-18)/(-27). What is the highest common divisor of z and j?
3
Let v = -463 - -485. Calculate the highest common divisor of v and 451.
11
Let h(g) be the third derivative of g**5/60 - g**4/3 + 4*g**3/3 - g**2. Let t be h(8). Suppose -50 = -5*q + 50. Calculate the greatest common factor of t and q.
4
Let r(b) = b**2 - 13*b - 35. Let x be r(21). What is the greatest common divisor of x and 21?
7
Suppose 2*i = -i - 9, 3*o - 96 = 5*i. Let q(u) = -4*u**3 + u**2 - 2*u - 15. Let g be q(-3). What is the greatest common factor of g and o?
27
Let n = 9 - 0. Suppose 11110 = 198*k + 3982. Calculate the highest common factor of k and n.
9
Let l = 14 + -14. Suppose -u + 8 = -l*u. Let g be 3/(-12) - (-18)/u. What is the highest common factor of 4 and g?
2
Let u(a) = -7*a + 54. Let q be u(3). What is the greatest common divisor of q and 165?
33
Let m(x) = 69*x - 331. Let s be m(5). What is the highest common divisor of 2394 and s?
14
Let s be (11 + -10)/((-1)/(-83)). Let b = -73 + s. What is the highest common factor of b and 8?
2
Suppose 135 + 309 = 6*l. Suppose -4*n = -0*g + g - l, n = -3*g + 24. What is the greatest common factor of n and 144?
18
Let l be 2/(-6) + 310/(-15). Let d be -1*(-3 - l)/(-2). Let r(o) = 6*o + 3. Let c be r(13). What is the greatest common divisor of c and d?
9
Suppose -10*f + 324 + 336 = 0. Calculate the highest common divisor of f and 88.
22
Let q = 166 - 99. Suppose 4*v = -47 + q. Suppose -r - 3*r + 180 = 0. Calculate the highest common factor of v and r.
5
Suppose 6 = 33*s - 258. What is the highest common factor of s and 496?
8
Suppose 9*t - 257 = 751. Calculate the highest common divisor of 272 and t.
16
Let m(t) = -t**3 - 51*t**2 - 20*t - 162. Let s be m(-51). Calculate the greatest common divisor of s and 78.
78
Suppose -4*p - 85 - 95 = 0. Let h = p - -125. Calculate the highest common divisor of 16 and h.
16
Let c = 28 - 25. Suppose 0*w = -c*w + 918. Suppose -229 = -3*u + 2*s, 4*u - w = -0*s + 2*s. What is the highest common divisor of 7 and u?
7
Suppose -425*t = -417*t - 120. Let z be (1 - 0)*(11 + 4). Calculate the highest common factor of t and z.
15
Let t be (282 + (12 - 5))/1. What is the highest common factor of 51 and t?
17
Let l = 422 + -1016. Let i be l/(-10) - 6/(-10). What is the greatest common factor of i and 40?
20
Let m be ((-35)/(-5) + -9)*-42. What is the highest common divisor of 126 and m?
42
Let w be (27/(-12))/((-1)/4). Let i(n) = -n**2 + 10*n - 13. Let s be i(5). Calculate the greatest common divisor of s and w.
3
Suppose 0 = -4*i - 0*i + 648. Suppose 5*w + 3*t = 4 + i, 4*w + 3*t = 131. What is the highest common factor of 14 and w?
7
Let u be (-13517)/(-35) + 6*1/(-5). Calculate the greatest common divisor of u and 616.
77
Let c(d) = -d**3 + 41*d**2 - 37*d - 88. Let x be c(40). What is the highest common divisor of x and 544?
32
Suppose 5*z + 75 = 5*y - 0*y, 0 = -z. Let c = 262 + -172. Suppose d - 45 = 2*u, 0 = -2*d - 0*u + 3*u + c. Calculate the highest common divisor of d and y.
15
Suppose 18 = 25*k - 82. Let b be 4/(-14) + (-18)/(-14). Calculate the greatest common factor of b and k.
1
Suppose -33*i = -11*i - 858. Let l be (-2570)/(-6) + (-2)/(-3). Calculate the greatest common factor of i and l.
39
Suppose 0 = h + h + 3*p - 8, -4*h - 5*p = -16. Suppose y + 3 = 0, -4*y = -h*j + y + 1647. Calculate the highest common factor of 51 and j.
51
Let w = -134 - -150. What is the greatest common factor of w and 336?
16
Suppose 103 = 4*r + 3. Let f = -28 + 33. Calculate the highest common factor of r and f.
5
Let u(h) = 8*h**2 + 42*h + 40. Let x be u(-16). What is the greatest common factor of 48 and x?
24
Let z = 74 - 69. Calculate the greatest common divisor of z and 75.
5
Let k be (-4)/6 - (-546)/117. Calculate the greatest common divisor of k and 2.
2
Let g be -16*(-2)/4*26. What is the greatest common divisor of 13 and g?
13
Let s be 1/2*(-3 + 13). Let f be (s - -1)/(1 + 1). Suppose -6*p + 8 = 2*c - p, -5*p + 26 = 4*c. Calculate the highest common divisor of c and f.
3
Let q(t) = -5*t + 3. Let w be q(-3). Let a be (-1)/(1/1) + -76 + 149. Calculate the greatest common factor of a and w.
18
Suppose -4*c - 15 = -7*c. Suppose -n - 8 = -c*d, -2 = -4*n + d + 2*d. Let p(b) = -b + 10. Let s be p(8). What is the highest common factor of s and n?
2
Let n(b) = -7*b - 49. Let c be n(-20). What is the greatest common divisor of c and 13?
13
Let r = -212 - -263. Calculate the greatest common factor of r and 221.
17
Let j = 49 - 36. Suppose -3*y + 0*y + 1023 = 5*l, 209 = l + 5*y. Suppose 3*b = 3*s - 0*s + l, -s = -3*b + 198. What is the greatest common factor of b and j?
13
Let i = 69 - 35. Let n be 3/(0 + (-12)/(-340)). Calculate the greatest common factor of i and n.
17
Let s(r) = -85*r + 601. Let f be s(7). Calculate the greatest common divisor of f and 330.
6
Suppose 78 = 2*m - 514. Let w = 518 - m. Suppose -w = -3*v - 78. Calculate the greatest common divisor of 12 and v.
12
Suppose -3*z + 7 = q - 0, -4*z + 14 = 2*q. Suppose -4*n + 5*n - 5*d - 1 = 0, 5*n - 5*d - 5 = 0. What is the greatest common divisor of n and q?
1
Let u(f) = 52*f + 131. Let c be u(-2). Let q be (-24)/(-9) - (-2)/6. What is the highest common factor of q and c?
3
Suppose -14*s = -6*s - 3128. Calculate the greatest common factor of s and 23.
23
Suppose 0 = 65*y - 34*y - 341. Calculate the greatest common divisor of y and 8.
1
Let d be 1/4 - (22065/(-60) - -24). Calculate the greatest common factor of d and 8.
8
Let m = 920 + -855. What is the highest common factor of 416 and m?
13
Suppose 95 = -3*j + 4*j. Let h be -2*(-2 - (-9)/6). Let r = 18 + h. What is the highest common factor of j and r?
19
Suppose -11*s = -1031 - 1268. Calculate the highest common factor of s and 33.
11
Suppose 2*j - 19 = -7. Let p(i) = 0 + 